[INFO] cloning repository https://github.com/BenKrocke/TDD_Chip8_Rust
[INFO] running `Command { std: "git" "-c" "credential.helper=" "-c" "credential.helper=/workspace/cargo-home/bin/git-credential-null" "clone" "--bare" "https://github.com/BenKrocke/TDD_Chip8_Rust" "/workspace/cache/git-repos/https%3A%2F%2Fgithub.com%2FBenKrocke%2FTDD_Chip8_Rust", kill_on_drop: false }`
[INFO] [stderr] Cloning into bare repository '/workspace/cache/git-repos/https%3A%2F%2Fgithub.com%2FBenKrocke%2FTDD_Chip8_Rust'...
[INFO] running `Command { std: "git" "rev-parse" "HEAD", kill_on_drop: false }`
[INFO] [stdout] b24ffaee669a053ac10f56d3dbeb778e3998842e
[INFO] checking BenKrocke/TDD_Chip8_Rust against try#72f88fc4e9458f89516a0b8b0868f3718aec5b47 for pr-74989
[INFO] running `Command { std: "git" "clone" "/workspace/cache/git-repos/https%3A%2F%2Fgithub.com%2FBenKrocke%2FTDD_Chip8_Rust" "/workspace/builds/worker-1/source", kill_on_drop: false }`
[INFO] [stderr] Cloning into '/workspace/builds/worker-1/source'...
[INFO] [stderr] done.
[INFO] validating manifest of git repo https://github.com/BenKrocke/TDD_Chip8_Rust on toolchain 72f88fc4e9458f89516a0b8b0868f3718aec5b47
[INFO] running `Command { std: "/workspace/cargo-home/bin/cargo" "+72f88fc4e9458f89516a0b8b0868f3718aec5b47" "read-manifest" "--manifest-path" "Cargo.toml", kill_on_drop: false }`
[INFO] started tweaking git repo https://github.com/BenKrocke/TDD_Chip8_Rust
[INFO] finished tweaking git repo https://github.com/BenKrocke/TDD_Chip8_Rust
[INFO] tweaked toml for git repo https://github.com/BenKrocke/TDD_Chip8_Rust written to /workspace/builds/worker-1/source/Cargo.toml
[INFO] crate git repo https://github.com/BenKrocke/TDD_Chip8_Rust already has a lockfile, it will not be regenerated
[INFO] running `Command { std: "/workspace/cargo-home/bin/cargo" "+72f88fc4e9458f89516a0b8b0868f3718aec5b47" "fetch" "--locked" "--manifest-path" "Cargo.toml", kill_on_drop: false }`
[INFO] [stderr]     Updating git repository `https://github.com/brson/rust-sdl.git`
[INFO] [stderr]  Downloading crates ...
[INFO] [stderr]   Downloaded prettytable-rs v0.8.0
[INFO] [stderr]   Downloaded term v0.5.2
[INFO] [stderr]   Downloaded num-traits v0.2.10
[INFO] [stderr]   Downloaded blake2b_simd v0.5.10
[INFO] [stderr]   Downloaded unicode-width v0.1.7
[INFO] [stderr]   Downloaded dirs v1.0.5
[INFO] [stderr]   Downloaded num-integer v0.1.41
[INFO] [stderr]   Downloaded ryu v1.0.2
[INFO] [stderr]   Downloaded rustc-serialize v0.3.24
[INFO] [stderr]   Downloaded rand v0.3.23
[INFO] [stderr]   Downloaded num-complex v0.1.43
[INFO] [stderr]   Downloaded byteorder v1.3.2
[INFO] [stderr]   Downloaded num-bigint v0.1.44
[INFO] [stderr]   Downloaded proc-macro2 v1.0.7
[INFO] [stderr]   Downloaded libc v0.1.12
[INFO] [stderr]   Downloaded itoa v0.4.4
[INFO] [stderr]   Downloaded atty v0.2.13
[INFO] [stderr]   Downloaded bstr v0.2.8
[INFO] [stderr]   Downloaded backtrace v0.3.40
[INFO] [stderr]   Downloaded serde v1.0.104
[INFO] [stderr]   Downloaded regex-automata v0.1.8
[INFO] [stderr]   Downloaded arrayref v0.3.5
[INFO] [stderr]   Downloaded cc v1.0.48
[INFO] [stderr]   Downloaded memchr v2.2.1
[INFO] [stderr]   Downloaded csv v1.1.1
[INFO] [stderr]   Downloaded syn v1.0.13
[INFO] [stderr]   Downloaded csv-core v0.1.6
[INFO] [stderr]   Downloaded unicode-xid v0.2.0
[INFO] [stderr]   Downloaded failure_derive v0.1.6
[INFO] [stderr]   Downloaded failure v0.1.6
[INFO] [stderr]   Downloaded base64 v0.10.1
[INFO] [stderr]   Downloaded constant_time_eq v0.1.4
[INFO] [stderr]   Downloaded rand v0.4.6
[INFO] [stderr]   Downloaded num-iter v0.1.39
[INFO] [stderr]   Downloaded encode_unicode v0.3.6
[INFO] [stderr]   Downloaded crossbeam-utils v0.6.6
[INFO] [stderr]   Downloaded backtrace-sys v0.1.32
[INFO] [stderr]   Downloaded rust-argon2 v0.5.1
[INFO] [stderr]   Downloaded synstructure v0.12.3
[INFO] [stderr]   Downloaded quote v1.0.2
[INFO] [stderr]   Downloaded redox_users v0.3.1
[INFO] running `Command { std: "docker" "create" "-v" "/var/lib/crater-agent-workspace/builds/worker-1/target:/opt/rustwide/target:rw,Z" "-v" "/var/lib/crater-agent-workspace/builds/worker-1/source:/opt/rustwide/workdir:ro,Z" "-v" "/var/lib/crater-agent-workspace/cargo-home:/opt/rustwide/cargo-home:ro,Z" "-v" "/var/lib/crater-agent-workspace/rustup-home:/opt/rustwide/rustup-home:ro,Z" "-e" "SOURCE_DIR=/opt/rustwide/workdir" "-e" "CARGO_TARGET_DIR=/opt/rustwide/target" "-e" "CARGO_HOME=/opt/rustwide/cargo-home" "-e" "RUSTUP_HOME=/opt/rustwide/rustup-home" "-w" "/opt/rustwide/workdir" "-m" "1610612736" "--user" "0:0" "--network" "none" "rustops/crates-build-env@sha256:d92eaeed33fa75130ca1ee6c8a01d1ffb62bac859dfdfb3450e3e5d1c0146529" "/opt/rustwide/cargo-home/bin/cargo" "+72f88fc4e9458f89516a0b8b0868f3718aec5b47" "metadata" "--no-deps" "--format-version=1", kill_on_drop: false }`
[INFO] [stdout] 7bda2f718c74ff799516e27883dec60e4f76faf08680c2b8b2ca50cb82fbfc98
[INFO] [stderr] WARNING: Your kernel does not support swap limit capabilities or the cgroup is not mounted. Memory limited without swap.
[INFO] running `Command { std: "docker" "start" "-a" "7bda2f718c74ff799516e27883dec60e4f76faf08680c2b8b2ca50cb82fbfc98", kill_on_drop: false }`
[INFO] running `Command { std: "docker" "inspect" "7bda2f718c74ff799516e27883dec60e4f76faf08680c2b8b2ca50cb82fbfc98", kill_on_drop: false }`
[INFO] running `Command { std: "docker" "rm" "-f" "7bda2f718c74ff799516e27883dec60e4f76faf08680c2b8b2ca50cb82fbfc98", kill_on_drop: false }`
[INFO] [stdout] 7bda2f718c74ff799516e27883dec60e4f76faf08680c2b8b2ca50cb82fbfc98
[INFO] running `Command { std: "docker" "create" "-v" "/var/lib/crater-agent-workspace/builds/worker-1/target:/opt/rustwide/target:rw,Z" "-v" "/var/lib/crater-agent-workspace/builds/worker-1/source:/opt/rustwide/workdir:ro,Z" "-v" "/var/lib/crater-agent-workspace/cargo-home:/opt/rustwide/cargo-home:ro,Z" "-v" "/var/lib/crater-agent-workspace/rustup-home:/opt/rustwide/rustup-home:ro,Z" "-e" "SOURCE_DIR=/opt/rustwide/workdir" "-e" "CARGO_TARGET_DIR=/opt/rustwide/target" "-e" "CARGO_INCREMENTAL=0" "-e" "RUST_BACKTRACE=full" "-e" "RUSTFLAGS=--cap-lints=forbid" "-e" "CARGO_HOME=/opt/rustwide/cargo-home" "-e" "RUSTUP_HOME=/opt/rustwide/rustup-home" "-w" "/opt/rustwide/workdir" "-m" "1610612736" "--user" "0:0" "--network" "none" "rustops/crates-build-env@sha256:d92eaeed33fa75130ca1ee6c8a01d1ffb62bac859dfdfb3450e3e5d1c0146529" "/opt/rustwide/cargo-home/bin/cargo" "+72f88fc4e9458f89516a0b8b0868f3718aec5b47" "check" "--frozen" "--all" "--all-targets" "--message-format=json", kill_on_drop: false }`
[INFO] [stdout] be835ef39a141522460e4fcfe13257c5a2c033173448d4f15e0f2e6359c22dc6
[INFO] [stderr] WARNING: Your kernel does not support swap limit capabilities or the cgroup is not mounted. Memory limited without swap.
[INFO] running `Command { std: "docker" "start" "-a" "be835ef39a141522460e4fcfe13257c5a2c033173448d4f15e0f2e6359c22dc6", kill_on_drop: false }`
[INFO] [stderr]    Compiling autocfg v0.1.7
[INFO] [stderr]    Compiling libc v0.2.66
[INFO] [stderr]     Checking rand_core v0.4.2
[INFO] [stderr]    Compiling byteorder v1.3.2
[INFO] [stderr]    Compiling memchr v2.2.1
[INFO] [stderr]    Compiling serde v1.0.104
[INFO] [stderr]    Compiling ryu v1.0.2
[INFO] [stderr]    Compiling log v0.4.8
[INFO] [stderr]     Checking lazy_static v1.4.0
[INFO] [stderr]     Checking cfg-if v0.1.10
[INFO] [stderr]     Checking itoa v0.4.4
[INFO] [stderr]     Checking unicode-width v0.1.7
[INFO] [stderr]     Checking libc v0.1.12
[INFO] [stderr]     Checking rand_core v0.3.1
[INFO] [stderr]     Checking rand_jitter v0.1.4
[INFO] [stderr]     Checking rand_xorshift v0.1.1
[INFO] [stderr]     Checking rand_hc v0.1.0
[INFO] [stderr]     Checking rand_isaac v0.1.1
[INFO] [stderr]    Compiling num-traits v0.2.10
[INFO] [stderr]    Compiling num-integer v0.1.41
[INFO] [stderr]    Compiling num-iter v0.1.39
[INFO] [stderr]    Compiling rand_pcg v0.1.2
[INFO] [stderr]    Compiling rand_chacha v0.1.1
[INFO] [stderr]    Compiling rand v0.6.5
[INFO] [stderr]     Checking regex-automata v0.1.8
[INFO] [stderr]     Checking rand v0.4.6
[INFO] [stderr]     Checking dirs v1.0.5
[INFO] [stderr]     Checking rand_os v0.1.3
[INFO] [stderr]     Checking atty v0.2.13
[INFO] [stderr]     Checking term v0.5.2
[INFO] [stderr]     Checking csv-core v0.1.6
[INFO] [stderr]     Checking num-complex v0.1.43
[INFO] [stderr]     Checking rand v0.3.23
[INFO] [stderr]     Checking num-bigint v0.1.44
[INFO] [stderr]     Checking num-rational v0.1.42
[INFO] [stderr]     Checking num v0.1.42
[INFO] [stderr]     Checking sdl v0.3.6 (https://github.com/brson/rust-sdl.git#78bd0e74)
[INFO] [stderr]     Checking bstr v0.2.8
[INFO] [stderr]     Checking csv v1.1.1
[INFO] [stderr]     Checking prettytable-rs v0.8.0
[INFO] [stderr]     Checking emulator v0.1.0 (/opt/rustwide/workdir)
[INFO] [stdout] error[E0583]: file not found for module `chip8`
[INFO] [stdout]  --> src/main.rs:8:1
[INFO] [stdout]   |
[INFO] [stdout] 8 | mod chip8;
[INFO] [stdout]   | ^^^^^^^^^^
[INFO] [stdout]   |
[INFO] [stdout]   = help: to create the module `chip8`, create file "src/chip8.rs"
[INFO] [stdout] 
[INFO] [stdout] 
[INFO] [stdout] error[E0583]: file not found for module `chip8`
[INFO] [stdout]  --> src/main.rs:8:1
[INFO] [stdout]   |
[INFO] [stdout] 8 | mod chip8;
[INFO] [stdout]   | ^^^^^^^^^^
[INFO] [stdout]   |
[INFO] [stdout]   = help: to create the module `chip8`, create file "src/chip8.rs"
[INFO] [stdout] 
[INFO] [stdout] 
[INFO] [stdout] error[E0425]: cannot find function `init_chip` in module `chip8`
[INFO] [stdout]   --> src/main.rs:14:27
[INFO] [stdout]    |
[INFO] [stdout] 14 |     let mut chip = chip8::init_chip();
[INFO] [stdout]    |                           ^^^^^^^^^ not found in `chip8`
[INFO] [stdout] 
[INFO] [stdout] 
[INFO] [stdout] error[E0425]: cannot find function `init_chip` in module `chip8`
[INFO] [stdout]   --> src/main.rs:14:27
[INFO] [stdout]    |
[INFO] [stdout] 14 |     let mut chip = chip8::init_chip();
[INFO] [stdout]    |                           ^^^^^^^^^ not found in `chip8`
[INFO] [stdout] 
[INFO] [stdout] 
[INFO] [stdout] warning: unused import: `crate::display::Display`
[INFO] [stdout]  --> src/main.rs:3:5
[INFO] [stdout]   |
[INFO] [stdout] 3 | use crate::display::Display;
[INFO] [stdout]   |     ^^^^^^^^^^^^^^^^^^^^^^^
[INFO] [stdout]   |
[INFO] [stdout]   = note: `#[warn(unused_imports)]` on by default
[INFO] [stdout] 
[INFO] [stdout] 
[INFO] [stdout] warning: unused `#[macro_use]` import
[INFO] [stdout]  --> src/main.rs:4:1
[INFO] [stdout]   |
[INFO] [stdout] 4 | #[macro_use] extern crate prettytable;
[INFO] [stdout]   | ^^^^^^^^^^^^
[INFO] [stdout] 
[INFO] [stdout] 
[INFO] [stdout] warning: unused import: `crate::display::Display`
[INFO] [stdout]  --> src/main.rs:3:5
[INFO] [stdout]   |
[INFO] [stdout] 3 | use crate::display::Display;
[INFO] [stdout]   |     ^^^^^^^^^^^^^^^^^^^^^^^
[INFO] [stdout]   |
[INFO] [stdout]   = note: `#[warn(unused_imports)]` on by default
[INFO] [stdout] 
[INFO] [stdout] 
[INFO] [stdout] warning: unused `#[macro_use]` import
[INFO] [stdout]  --> src/main.rs:4:1
[INFO] [stdout]   |
[INFO] [stdout] 4 | #[macro_use] extern crate prettytable;
[INFO] [stdout]   | ^^^^^^^^^^^^
[INFO] [stdout] 
[INFO] [stdout] 
[INFO] [stdout] error: aborting due to 2 previous errors; 2 warnings emitted
[INFO] [stdout] 
[INFO] [stdout] 
[INFO] [stdout] Some errors have detailed explanations: E0425, E0583.
[INFO] [stdout] 
[INFO] [stdout] For more information about an error, try `rustc --explain E0425`.
[INFO] [stdout] 
[INFO] [stdout] error: aborting due to 2 previous errors; 2 warnings emitted
[INFO] [stdout] 
[INFO] [stdout] 
[INFO] [stdout] Some errors have detailed explanations: E0425, E0583.
[INFO] [stdout] 
[INFO] [stdout] For more information about an error, try `rustc --explain E0425`.
[INFO] [stdout] 
[INFO] [stderr] error: could not compile `emulator`.
[INFO] [stderr] 
[INFO] [stderr] To learn more, run the command again with --verbose.
[INFO] [stderr] warning: build failed, waiting for other jobs to finish...
[INFO] [stderr] error: build failed
[INFO] running `Command { std: "docker" "inspect" "be835ef39a141522460e4fcfe13257c5a2c033173448d4f15e0f2e6359c22dc6", kill_on_drop: false }`
[INFO] running `Command { std: "docker" "rm" "-f" "be835ef39a141522460e4fcfe13257c5a2c033173448d4f15e0f2e6359c22dc6", kill_on_drop: false }`
[INFO] [stdout] be835ef39a141522460e4fcfe13257c5a2c033173448d4f15e0f2e6359c22dc6
